{"id":29627,"date":"2025-12-23T11:34:45","date_gmt":"2025-12-23T11:34:45","guid":{"rendered":"https:\/\/fisicaline.com\/tienda\/?post_type=product&#038;p=29627"},"modified":"2026-04-30T23:16:57","modified_gmt":"2026-04-30T23:16:57","slug":"pack-lumbar-360","status":"publish","type":"product","link":"https:\/\/fisicaline.com\/tienda\/productos\/pack-lumbar-360\/","title":{"rendered":"Pack Lumbar 360"},"content":{"rendered":"","protected":false},"excerpt":{"rendered":"<p><strong>\u00abBienestar lumbar en todos tus espacios.\u00bb<\/strong><\/p>\n<p>Con el <strong>Pack Lumbar 360<\/strong> de dos Ortesis \/ Rodillos Lumbares, logras la cobertura que necesitas para cuidar tu espalda en la oficina, conduciendo el coche, viajando o en tu casa, trabajando.<\/p>\n<p>Cada <strong>Ortesis Lumbar de FISICALIN<\/strong>E, est\u00e1 confeccionada en goma espuma maciza y gabardina. Pose\u00e9 propiedades mec\u00e1nicas (copol\u00edmeros) de densidad suficiente, agradable y confortable que permite reducir la perdida de la curvatura lumbar y restablecerla. De esta forma, minimiza el impacto sobre la regi\u00f3n lumbar y sus estructuras al permanecer sentado, generando bienestar en la cintura previniendo el dolor lumbar.<\/p>\n<p><em>Muy f\u00e1cil de utilizar:<br \/>\n<\/em>Aseg\u00farese de contactar la parte baja de la espalda con el respaldo, ubique, el dispositivo en la regi\u00f3n lumbar debajo de la ultima costilla o bien donde lo sienta m\u00e1s c\u00f3modo, apoye la parte baja de la espalda en el rodillo y rel\u00e1jese.<\/p>\n","protected":false},"featured_media":29629,"comment_status":"open","ping_status":"closed","template":"","meta":[],"product_brand":[308],"product_cat":[28,81],"product_tag":[400,314,401,313,290,316,310,259,403,402],"class_list":{"0":"post-29627","1":"product","2":"type-product","3":"status-publish","4":"has-post-thumbnail","6":"product_brand-fisicaline","7":"product_cat-linea-ortopedica","8":"product_cat-ortesis-y-rodillos","9":"product_tag-apoyo-lumbar","10":"product_tag-bienestar","11":"product_tag-cintura","12":"product_tag-confort","13":"product_tag-dolor-lumbar","14":"product_tag-hernia-de-disco","15":"product_tag-ortesis","16":"product_tag-respaldo","17":"product_tag-rodillo","18":"product_tag-soporte-lumbar","20":"first","21":"instock","22":"sale","23":"taxable","24":"shipping-taxable","25":"purchasable","26":"product-type-simple"},"aioseo_notices":[],"_links":{"self":[{"href":"https:\/\/fisicaline.com\/tienda\/wp-json\/wp\/v2\/product\/29627","targetHints":{"allow":["GET"]}}],"collection":[{"href":"https:\/\/fisicaline.com\/tienda\/wp-json\/wp\/v2\/product"}],"about":[{"href":"https:\/\/fisicaline.com\/tienda\/wp-json\/wp\/v2\/types\/product"}],"replies":[{"embeddable":true,"href":"https:\/\/fisicaline.com\/tienda\/wp-json\/wp\/v2\/comments?post=29627"}],"version-history":[{"count":4,"href":"https:\/\/fisicaline.com\/tienda\/wp-json\/wp\/v2\/product\/29627\/revisions"}],"predecessor-version":[{"id":29695,"href":"https:\/\/fisicaline.com\/tienda\/wp-json\/wp\/v2\/product\/29627\/revisions\/29695"}],"wp:featuredmedia":[{"embeddable":true,"href":"https:\/\/fisicaline.com\/tienda\/wp-json\/wp\/v2\/media\/29629"}],"wp:attachment":[{"href":"https:\/\/fisicaline.com\/tienda\/wp-json\/wp\/v2\/media?parent=29627"}],"wp:term":[{"taxonomy":"product_brand","embeddable":true,"href":"https:\/\/fisicaline.com\/tienda\/wp-json\/wp\/v2\/product_brand?post=29627"},{"taxonomy":"product_cat","embeddable":true,"href":"https:\/\/fisicaline.com\/tienda\/wp-json\/wp\/v2\/product_cat?post=29627"},{"taxonomy":"product_tag","embeddable":true,"href":"https:\/\/fisicaline.com\/tienda\/wp-json\/wp\/v2\/product_tag?post=29627"}],"curies":[{"name":"wp","href":"https:\/\/api.w.org\/{rel}","templated":true}]}}