{"id":28797,"date":"2025-04-16T21:03:56","date_gmt":"2025-04-16T21:03:56","guid":{"rendered":"https:\/\/fisicaline.com\/tienda\/?post_type=product&#038;p=28797"},"modified":"2026-02-14T13:22:20","modified_gmt":"2026-02-14T13:22:20","slug":"colchon-anti-escaras-automatico","status":"publish","type":"product","link":"https:\/\/fisicaline.com\/tienda\/productos\/colchon-anti-escaras-automatico\/","title":{"rendered":"Colchon ANTI ESCARAS Autom\u00e1tico con motor"},"content":{"rendered":"","protected":false},"excerpt":{"rendered":"<p>El colch\u00f3n antiescaras con bomba es una excelente soluci\u00f3n para prevenir \u00falceras o escaras al permanecer acostado varios d\u00edas y as\u00ed garantizar el m\u00e1ximo bienestar. Su dise\u00f1o de burbujas que se inflan alternadamente proporciona un m\u00e9todo eficaz, descomprimiendo y alternando las zonas de mayor presi\u00f3n del cuerpo al permanecer acostado y quieto. A esto se suma su construcci\u00f3n en vinilo duradero y de baja toxicidad, ideal para el uso prolongado.<br \/>\nLa bomba silenciosa, con bajo nivel de ruido y vibraci\u00f3n, asegura un descanso tranquilo, mientras su perilla de ajuste f\u00e1cil permite personalizar la presi\u00f3n de aire seg\u00fan las necesidades del usuario.<\/p>\n","protected":false},"featured_media":28801,"comment_status":"open","ping_status":"closed","template":"","meta":[],"product_brand":[104],"product_cat":[28,79],"product_tag":[268,269,265,266,267,244,112],"class_list":{"0":"post-28797","1":"product","2":"type-product","3":"status-publish","4":"has-post-thumbnail","6":"product_brand-coronet","7":"product_cat-linea-ortopedica","8":"product_cat-sanitarias-y-bano","9":"product_tag-automatico","10":"product_tag-bomba","11":"product_tag-colchon-anti-escaras","12":"product_tag-escara","13":"product_tag-inflable","14":"product_tag-ortopedia","15":"product_tag-ortopedico","17":"first","18":"instock","19":"taxable","20":"shipping-taxable","21":"purchasable","22":"product-type-simple"},"aioseo_notices":[],"_links":{"self":[{"href":"https:\/\/fisicaline.com\/tienda\/wp-json\/wp\/v2\/product\/28797","targetHints":{"allow":["GET"]}}],"collection":[{"href":"https:\/\/fisicaline.com\/tienda\/wp-json\/wp\/v2\/product"}],"about":[{"href":"https:\/\/fisicaline.com\/tienda\/wp-json\/wp\/v2\/types\/product"}],"replies":[{"embeddable":true,"href":"https:\/\/fisicaline.com\/tienda\/wp-json\/wp\/v2\/comments?post=28797"}],"version-history":[{"count":1,"href":"https:\/\/fisicaline.com\/tienda\/wp-json\/wp\/v2\/product\/28797\/revisions"}],"predecessor-version":[{"id":28798,"href":"https:\/\/fisicaline.com\/tienda\/wp-json\/wp\/v2\/product\/28797\/revisions\/28798"}],"wp:featuredmedia":[{"embeddable":true,"href":"https:\/\/fisicaline.com\/tienda\/wp-json\/wp\/v2\/media\/28801"}],"wp:attachment":[{"href":"https:\/\/fisicaline.com\/tienda\/wp-json\/wp\/v2\/media?parent=28797"}],"wp:term":[{"taxonomy":"product_brand","embeddable":true,"href":"https:\/\/fisicaline.com\/tienda\/wp-json\/wp\/v2\/product_brand?post=28797"},{"taxonomy":"product_cat","embeddable":true,"href":"https:\/\/fisicaline.com\/tienda\/wp-json\/wp\/v2\/product_cat?post=28797"},{"taxonomy":"product_tag","embeddable":true,"href":"https:\/\/fisicaline.com\/tienda\/wp-json\/wp\/v2\/product_tag?post=28797"}],"curies":[{"name":"wp","href":"https:\/\/api.w.org\/{rel}","templated":true}]}}